)*-1262 composite?
False
Suppose -2 - 2 = -2*c. Suppose -c*h = h - 117. Let x = h - 0. Is x a composite number?
True
Suppose i + 3*c - 7*c + 4 = 0, 31 = 2*i + 5*c. Suppose 41 = v + i. Is v a prime number?
False
Let p(o) = -o + 15. Is p(-6) a composite number?
True
Suppose 2*g - 2*v - 10 = 0, -4*v = 4*g - 3*v - 5. Is (5 + 1)/g - -166 prime?
False
Let m = 3 - 3. Suppose m = -4*z - z. Suppose 3*k + 0*k = 3*u - 27, -u - 4*k - 16 = z. Is u a composite number?
True
Suppose -7 + 35 = -2*n. Let z = 46 + -5. Let b = z - n. Is b prime?
False
Let d(b) = 5*b - 8. Suppose 0 = -3*h - v + 2*v + 95, -4*h = 3*v - 105. Suppose -2*r = 3*r - h. Is d(r) composite?
True
Let a(c) = -c**3 - 9*c**2 - 8*c + 9. Let v be a(-8). Suppose -g + 4*g - v = 0. Suppose -2*b - g*b + 95 = 0. Is b composite?
False
Let f = -8 - -1. Let s = f + 44. Is s prime?
True
Suppose 3*u + 121 = 3*x + 556, 0 = -3*u - 5*x + 467. Is u prime?
True
Let r(v) = 14*v + 63. Is r(29) composite?
True
Let y = 11 - 6. Let m(c) = -c + 5. Let b be m(y). Suppose -4*q - o + 492 = b, 0 = 3*o - 0*o. Is q prime?
False
Let x be 0/(-1*(-2 - -1)). Suppose -5*l - 1 - 4 = x. Let u = l + 22. Is u prime?
False
Let k = 27 + 17. Let p = 79 - k. Is 2/2*p/1 a prime number?
False
Suppose -2 = 3*w - 8. Suppose -5*f - 3*x - 7 = -21, -w*f + x = -10. Suppose f*k = 2*k + 94. Is k a composite number?
False
Suppose 0 = 3*a - 60 - 39. Is a a prime number?
False
Let w = -8 - -9. Let c = 2 - w. Is c + -1 + 3 + 10 a composite number?
False
Let d(b) be the first derivative of -b**2 + 4*b - 1. Let w be d(-3). Is ((-65)/w)/(2/(-12)) a composite number?
True
Let r be (20 - -1)*(-26)/6. Let o = 154 + r. Let m = o + 2. Is m composite?
True
Let b be (0 + 0 - -10)*30. Suppose 5*z - 82 = -3*k + 2*k, -3*k + 3*z = -b. Suppose y + 4*p = -0*p + 90, 3*p = y - k. Is y a composite number?
True
Suppose -m - 615 = 368. Let o = -306 - m. Is o a composite number?
False
Suppose 5*v + 28 = 108. Suppose -h + 53 = -v. Is h composite?
True
Suppose 2*m + u - 24 = -3*m, 0 = -3*m + 5*u - 8. Suppose -353 = -m*n - 117. Is n a prime number?
True
Let y(t) = -t**2 + 6 - 8 - t**3 + 3*t + 8*t**2 + 0*t. Is y(4) prime?
False
Let j be (-1)/3 + 39/9. Let g(v) = v**2 + v - 2. Let a be g(-2). Suppose 4*c = j*u + 152, a = -5*c + u - 2*u + 172. Is c a prime number?
False
Suppose 3*d - 5 = -2*u + 18, -3*u - 4*d + 32 = 0. Is 64 + u/(2 + 2) composite?
True
Let m be 1674/24 + 2/8. Suppose m = -0*u + 5*u. Is u prime?
False
Let g = -292 + 767. Let v = 678 - g. Is v a composite number?
True
Let j = -20 + 11. Let t(z) = z + 12. Is t(j) a composite number?
False
Let p(m) = 13*m**3 + 2*m + 4. Is p(5) a prime number?
False
Let o = 2 - 3. Let f(x) = 72*x**2 - 1. Is f(o) composite?
False
Let o(a) = -1458*a + 13. Is o(-8) a prime number?
True
Suppose -f + 10 = -2*p + 7*p, -4*p + 19 = 3*f. Suppose -2*l + 3 = 3*x - 33, 5*l - f*x - 65 = 0. Is l a composite number?
True
Let d be 1 + -2 - -1 - -3. Let u(n) = 75*n - 2. Is u(d) prime?
True
Let n(o) = -27*o - 13. Is n(-10) a composite number?
False
Let t(z) = 8*z**3 - 3*z**2 - 4. Suppose -3*a + 9 = -0. Let r be t(a). Let u = r + -28. Is u prime?
True
Let y = 1173 + -266. Is y a composite number?
False
Suppose 2*p = p - 12. Let b be 0*2/(p/3). Let u = b - -39. Is u composite?
True
Suppose 0 = i - 2*i - 4*z + 71, i - 46 = z. Is i a prime number?
False
Let m be ((-2)/(-4))/(5/(-30)). Let o be (-7)/m + (-2)/(-3). Suppose 43 = o*w - 5*i, -5*w - 2*i = i - 49. Is w a composite number?
False
Suppose 0 = -5*o + 24 + 1. Let k(i) = -1 - 2*i**2 + 4*i**2 - 3*i - i**2. Is k(o) a prime number?
False
Let y be (-1)/4 + 15/12. Let g(z) = 18*z + 1. Is g(y) composite?
False
Is 647/11 + 32/176 a composite number?
False
Let g(w) = -w**3 - 2*w**2 - 4*w - 3. Let j be 5/(-2) + (-4)/8. Let a be g(j). Is 2146/a - (-8)/(-36) prime?
False
Suppose 3 - 1 = -2*s. Let z be s*(-1 + -141)*1. Suppose -2*m + z = 32. Is m composite?
True
Suppose -2*g + 3*g = 0. Suppose -4*r + 5*l + 8 - 21 = g, -5*r - l + 20 = 0. Suppose 4*b = 5*y - 124 - 77, -r*b - 160 = -4*y. Is y composite?
False
Let u = 256 + -129. Is u prime?
True
Let y(m) = -3*m**2 - 3 + 4*m**2 + 0*m**2 + 1. Let w be y(-2). Is -2 + 12 - 6/w a prime number?
True
Let c = -3 - -3. Let t be (1 + c + 2)/1. Suppose -t*h + 170 = -h. Is h a composite number?
True
Suppose 11 = 2*j + 1. Suppose -j*q = 404 - 1459. Is q prime?
True
Is 2/(-8) - 7035/(-28) - -2 composite?
True
Let k(b) = -2*b + 3. Suppose -6*i = -i + 15. Is k(i) composite?
True
Let i(s) = -s + 9. Let v be i(7). Let m(k) = -k**2 + 2*k. Let g be m(v). Suppose g = -2*z + 11 + 9. Is z prime?
False
Suppose 9*w + 3*g + 2323 = 11*w, 3*g - 5776 = -5*w. Is w a composite number?
True
Suppose 3*z + 0 = -6, u + 3*z = -3. Let v be u*(1 + 3/9). Suppose -33 = -r + v. Is r a composite number?
False
Let a = 389 - -113. Is a composite?
True
Let l = 6 + -2. Suppose 0*r = -4*r + u + 128, l*r = 3*u + 120. Is r composite?
True
Is (-2076)/(-18)*63/6 a prime number?
False
Let x be (-1 + (-8)/(-2))*3. Let u(o) = o + 6*o**2 + 3*o**2 + 12 - 6*o**3 + 7*o**3 - 2*o**3. Is u(x) a composite number?
True
Suppose 2*y = -6 + 4. Is 1*-826*y/2 prime?
False
Let v(h) = -h**3 - 5*h**2 + 5*h - 4. Let b be v(-6). Is b/(-3) + (-611)/(-3) a composite number?
True
Let i = 717 + -410. Is i a prime number?
True
Let d(h) = 10*h - 7. Is d(9) a prime number?
True
Suppose -3*b + 2*g = 294, -3*b = -4*g - g + 285. Let c = b + 338. Is (c/8)/((-5)/(-20)) composite?
True
Let m(t) = t - 7. Let o be m(7). Suppose 3*l - 2*s = 4*l - 46, o = 5*l + 4*s - 206. Is l prime?
False
Suppose -j = 2*j - 393. Is j composite?
False
Let j = 608 - 416. Suppose -i + j = -77. Is i prime?
True
Suppose -3*i = i - 1076. Is i a prime number?
True
Let j(a) = -a + 4. Let n be j(4). Suppose n = -2*g - 2*l + 662, -1292 = -4*g + 2*l + 2*l. Is g prime?
False
Let n = -1 - -3. Suppose n = 4*r - 2*r. Is 2/r*(-83)/(-2) prime?
True
Let d = 128 - -5. Is d a prime number?
False
Let f(d) = -6*d**3 - 2*d**2 - 2*d - 3. Let l be f(-2). Suppose 4*a - 156 = -4*q, 2*a = -q - 0*a + l. Is q a composite number?
False
Let l(m) = -7*m**2 - 7*m + 226. Let j(p) = 11*p**2 + 11*p - 339. Let k(u) = 5*j(u) + 8*l(u). Is k(0) composite?
False
Let m(l) = -9*l**2 + 1. Let n be m(1). Is 2/n*-2*422 a prime number?
True
Suppose -9 - 646 = -5*t. Is t a prime number?
True
Let s be (-1 + 1)/(1 + -3). Suppose s + 4 = -2*h. Is 15/h*(-40)/12 a prime number?
False
Suppose 5*b - 435 = -t, -2*b - 304 = -t + 145. Is t a prime number?
False
Let c be 4/8 - (-45)/2. Suppose -o = -2*a - 73, o - 3*a - 100 = -c. Is o composite?
True
Suppose -6 = -5*g + 9. Suppose -2*m - 45 = -q + g*m, 3*q - 99 = -3*m. Let s = 82 - q. Is s composite?
False
Is 1238 + -9 + -1 + 1 a prime number?
True
Let a = -5 + 11. Suppose -3*y + 1 - 7 = 0. Is 21/y*(-4)/a prime?
True
Let x = 2 + -8. Let s(v) = 1 + 2 - 2 + v**3 + 0 + 7*v**2. Is s(x) composite?
False
Let u(b) be the second derivative of b**4/6 + 4*b**3/3 - 9*b**2/2 - b. Suppose 2*s - 2 = -2*c, -38 = -5*s + 2*c + 2. Is u(s) prime?
False
Let j = 92 + 347. Suppose -100 + j = 3*f. Is f composite?
False
Let o = -252 - -625. Is o a prime number?
True
Suppose 2*r - 348 + 26 = 0. Is r a composite number?
True
Suppose -j + 4*y + 293 = 0, 3*j + 4*y - 842 = 37. Is j prime?
True
Let a(n) = 14*n - 8. Let y be a(6). Let b be y - (3 + 3)/3. Is (b - -2) + (5 - 2) composite?
False
Suppose 0 = 3*k - k - 2222. Is k a prime number?
False
Suppose 2*y + 0*y = j - 93, -2*j - 2*y + 168 = 0. Suppose -j = 3*k - 2*b, b = -5*k - 75 - 83. Let x = 50 + k. Is x a prime number?
True
Suppose -4 = k - 4*b, 0*k + 2*k - 14 = -3*b. Suppose 2*h = -k*u + 8, -3*h + h = -8. Is 3/6*(158 + u) a prime number?
True
Let n(c) = 9*c**2 - 6*c - 2. Suppose -2*p - y = -3*p + 7, 0 = -3*p - 4*y + 21. Is n(p) a prime number?
True
Let w(p) = 3*p - 2. Let a be ((-3)/(-6))/(1/(-6)). Let y = a + 10. Is w(y) prime?
True
Let h(g) = 0*g + 2*g**2 + 6*g - g**3 - 3 + 7*g**2 - 3*g. Is h(4) prime?
True
Suppose -4*x = -1516 - 568. Is x composite?
False
Let x(r) = -r**3 + 4*r**2 + r - 3. Let t be x(4). Let w be (-1 - 0)*t*-1. Is -2 - (-1 + w) - -69 a prime number?
True
Let r(v) = v**3 + 6*v**2 - 2*v + 2. Let t(y) = 8*y. Let k be t(-2). Let j = k + 11. Is r(j) a composite number?
False
Suppose 2*c = 2*m + 126, -2*m + 70 - 261 = -3*c. Is c a p